3 - 6*k. Let o be q(-6). Suppose -o*r + 81 = 11. Does 14 divide r?
True
Let x(h) = 10*h**3 - 9*h**2 + 21*h - 9. Suppose -3 = 3*o + 3. Let a(p) = -2*p**3 + 2*p**2 - 4*p + 2. Let c(n) = o*x(n) - 11*a(n). Is c(3) a multiple of 10?
True
Is 7/14 + 57/2 a multiple of 8?
False
Suppose -14*p + 399 = -11*p. Is 19 a factor of p?
True
Suppose h - 72 = -3*h. Suppose t = -2*t - h. Is 12 a factor of (-3 - 1)/(2/t)?
True
Let r(a) = -a**3 + 5*a**2 - 5. Let k(g) = -g**2 - 7*g + 4. Let h be k(-7). Does 4 divide r(h)?
False
Suppose 0 = 3*x - 7*x + 168. Does 11 divide x?
False
Let s(i) = i**3 - 10*i**2 + 9*i + 5. Does 19 divide s(10)?
True
Let k(n) = -n + 14. Let o(x) = -x**3 + x**2 + 1. Let g be o(2). Let c(p) = -p**2 - 5*p. Let m be c(g). Is 4 a factor of k(m)?
True
Let k = -73 - -295. Is k a multiple of 30?
False
Suppose -5*x = 5*h, -14 = -4*x + h - 4. Suppose 0 = -x*v + 2. Does 2 divide 4 - v - 3/(-1)?
True
Suppose 8*z = 3*z + 20. Is -16*(2/z + -1) a multiple of 7?
False
Suppose 2*o = 4*o - 60. Let y = o + -1. Let i = y - 9. Does 10 divide i?
True
Suppose 60 = -f - 2. Let t = -35 - f. Is t a multiple of 12?
False
Let f = 5 + -4. Let c(z) = z**3 - 5*z**2 - 5*z - 3. Let i be c(6). Is 3 a factor of 3/i*f - -4?
False
Let u be (-2 + 2)/(1 - 0). Suppose l - 2*l - 5 = u. Let p(b) = 3*b**2 + b + 4. Is 27 a factor of p(l)?
False
Suppose 0 = 4*m - 9*m + 135. Let p = m - 14. Does 4 divide p?
False
Let l = 154 + -76. Is 4 a factor of l?
False
Suppose -6 - 14 = -4*o. Suppose -o*r + 36 = 4*b, 5*r - 16 = -0*r + b. Suppose -5 = -i - r*x - 0, -x - 67 = -3*i. Is i a multiple of 21?
True
Let t(r) = -r**3 + 8*r**2 + r - 6. Let o be t(8). Suppose -v - o*k + 8 = 2, 5*v = 4*k + 100. Is 16 a factor of v?
True
Suppose -4 = -2*n - p, 0*n + n + 8 = -3*p. Suppose -3*r + 22 = i + 2*r, 40 = n*i + 4*r. Is 5 a factor of i?
False
Let d(k) = -3*k - 6. Suppose -4*j - j + 4*f = 17, 0 = -3*j + 5*f - 5. Let b be d(j). Does 6 divide 20/(-14)*(2 - b)?
False
Suppose -q + 18 + 44 = 0. Does 17 divide q?
False
Let f(b) = b**3 - 8*b**2 + 8*b - 13. Let k be f(7). Let p(r) = r**3 + 8*r**2 + 8*r + 9. Is 11 a factor of p(k)?
True
Let y(w) = -5*w - 9. Is 9 a factor of y(-9)?
True
Does 55 divide 1/3 + (-91)/42*-76?
True
Let x(v) = -v. Let u(r) = -4*r - 5. Let n(d) = u(d) + 3*x(d). Let y be n(-4). Suppose 5*w - 2 = y, 0 = q - 2*w + 7. Does 2 divide q?
False
Is 12 a factor of -25*6/(-10)*2?
False
Does 11 divide 4 + (-558)/24*-4?
False
Let v = -148 - -208. Does 23 divide v?
False
Suppose -7*n + 2*n + 10 = 0. Let v be n/(-10) + 1/5. Suppose u + 2*u - 60 = v. Is 10 a factor of u?
True
Suppose -2*r + 0*r - 3*j = -11, -3*j + 12 = 3*r. Let b(s) be the third derivative of 3*s**4/2 - s**3/6 + 6*s**2. Does 21 divide b(r)?
False
Does 11 divide (-4)/(-18) + (-986)/(-18)?
True
Let v = 61 - -11. Is v a multiple of 16?
False
Let q(r) = -r + 3*r + 0*r - 15. Let b be q(10). Suppose 0*z - b*z = -30. Is 3 a factor of z?
True
Let b = 0 - -1. Let x = b + 2. Suppose 3*j - x*c = 57, 2*c = 3*j + 4*c - 72. Is 15 a factor of j?
False
Let t(s) = s**2 + s + 1. Suppose 3*r = 5*l - 0*r, -3*l - 4*r + 29 = 0. Let k be t(l). Suppose k = -5*b + 68. Is b a multiple of 6?
False
Let p(l) = 30*l**2. Is 10 a factor of p(-1)?
True
Let h(c) be the third derivative of c**5/60 - 3*c**4/8 + 5*c**3/3 + 6*c**2. Is 20 a factor of h(10)?
True
Let o = -5 - -24. Does 19 divide o?
True
Let l = -13 - -44. Is 9 a factor of l?
False
Let t(p) = 60*p + 1. Let w be t(-3). Let i = -127 - w. Suppose 0*z + i = 2*z. Is z a multiple of 13?
True
Suppose -67 = -3*l + 59. Let w be (-6)/(0/1 - 2). Suppose 4*k - y - 65 = 0, w*k - y - 2*y - l = 0. Does 12 divide k?
False
Let k(n) = -n**2 + 10*n + 2. Let c be k(8). Suppose c = d + 2*q + q, d = -q + 26. Suppose 3*f + u = -4*u + 46, d = 3*f - 3*u. Does 6 divide f?
True
Let b = 0 + -3. Let l = b + 9. Is 7 a factor of 4/l*42/4?
True
Let c = 2 + -2. Suppose c*r - 129 = -5*j - r, 5*j - r - 131 = 0. Is 13 a factor of j?
True
Let v(x) = -x**2 - 36*x - 74. Is v(-30) a multiple of 19?
False
Suppose d - 36 = 37. Is d a multiple of 19?
False
Is 16 a factor of 0 - 64/(-12)*3?
True
Let b = -3 + 3. Suppose 5*y = -b*y + 10. Suppose -2*s - 5*w + 21 + 22 = 0, 3*s - 36 = y*w. Is s a multiple of 14?
True
Let y(d) be the first derivative of -d**3/3 - 9*d**2/2 - 8*d - 8. Does 6 divide y(-6)?
False
Let o be 0/((2 - 5)/3). Suppose -4*d = m - o*m - 18, 4*d = -5*m + 170. Let a = m - -9. Does 13 divide a?
False
Suppose 2*d = -d + 27. Suppose -x + b + 5 + 1 = 0, -2*x + 8 = 2*b. Let a = d - x. Is a a multiple of 2?
True
Let b(w) = w**3 - 11*w**2 + 10. Is b(11) a multiple of 2?
True
Suppose -4*v - 2*j + 342 = 0, 0 = -5*v + 4*j + 362 + 46. Is v a multiple of 22?
False
Let r = -1 - -4. Suppose m - 2 + r = 0, -y = 4*m + 2. Suppose h - 70 = -y*d - d, 0 = -5*d - 5*h + 120. Is d a multiple of 9?
False
Let j be -2 - 1/((-4)/16). Suppose z + 2*z = -j*i + 137, 355 = 5*i - 5*z. Does 14 divide i?
True
Let n(i) = i**2 + 6*i + 5. Let p be n(-6). Suppose 66 = -2*l + p*l. Is 15 a factor of l?
False
Let y(x) = 5*x + 12. Let s be y(10). Let p = s + -10. Is p a multiple of 24?
False
Let c(a) = 10*a - 3. Suppose 4*d - 2 = 10. Is 9 a factor of c(d)?
True
Let t be -7 + 9 - 14*-3. Let h be (-1)/(-2) + (-3)/(-2). Suppose -t = -h*r - 16. Does 14 divide r?
True
Is 6/(-5)*(-80)/6 a multiple of 5?
False
Let g = -166 + 313. Suppose -33 = -4*b + g. Does 15 divide b?
True
Let l = 10 + -6. Suppose l*b - 135 = -27. Is b a multiple of 10?
False
Let c(p) = p**2 + 2*p - 1. Let q be c(-3). Does 9 divide (30/5)/(q/6)?
True
Suppose 3*j = -4*l + 331, 0 = l - 0*j + j - 83. Suppose 2*f - 24 = l. Does 12 divide f?
False
Let v(h) = 10*h**2 + h - 2. Let l be v(3). Suppose -5*x - 1 + l = 0. Is x a multiple of 9?
True
Let g(u) = u**2 + 3*u - 5. Let a be g(-7). Suppose 8 - a = 3*y. Let m(f) = -f**3 - 5*f**2 - 7*f - 7. Does 10 divide m(y)?
False
Let u(z) = -11*z - 17. Does 12 divide u(-5)?
False
Suppose -60 = -2*p - 6. Is p a multiple of 9?
True
Suppose 0 = -4*x + 217 + 183. Is x a multiple of 21?
False
Let n(i) = -i**2 + 18*i + 8. Does 14 divide n(8)?
False
Let r(b) = -3*b + 1. Let c be r(4). Let l = c - -22. Is 8 a factor of l?
False
Suppose -p - 475 = -5*r, 5*r + p - 101 = 4*r. Is 16 a factor of r?
True
Let v be 13/52 + 863/4. Suppose -2*d - d + v = 0. Does 36 divide d?
True
Let p(h) = h**2 - 14*h + 16. Let w be p(13). Suppose 0 = 3*b + w*l - 66, -b + 9 + 3 = 3*l. Is b a multiple of 7?
False
Suppose k + 4*y - 12 = 0, 15 = 2*k + 3*y + 1. Suppose l = -k*l. Suppose l*g = -3*g + 69. Does 16 divide g?
False
Let x = -5 + 6. Does 14 divide 83/3 - x/(-3)?
True
Suppose 0 = -2*d + 4 + 4. Suppose -199 - 17 = -4*u + d*v, 4*u = -5*v + 216. Is u a multiple of 18?
True
Suppose y - 5*x - 10 - 3 = 0, -3*y - 2*x = 12. Let f = 7 + y. Let h(a) = a**2 - 5*a + 6. Does 3 divide h(f)?
True
Suppose -2*i + 9 = g, 0 = -5*g + 2*g - 4*i + 33. Is 15 a factor of g?
True
Let q be 1 - (1 + (-9)/3). Is 11 a factor of (-1)/(-3) - (-98)/q?
True
Suppose -4*v + 83 = q, 4*v = 3*q + 2 + 85. Let b = -42 + v. Let a = b + 59. Is a a multiple of 14?
False
Suppose -2*b - 3*b = -30. Does 4 divide b?
False
Is (1/2)/((-3)/(-894)) a multiple of 11?
False
Suppose -403 = -5*u + 2*x, 59 = -2*u + 3*u + 5*x. Does 28 divide u?
False
Let r(d) = -1 - 13*d + 19*d**2 - 17*d**2 + 11. Is r(9) a multiple of 18?
False
Is 0/(-1 + -2) - -143 a multiple of 11?
True
Let z(a) = 0*a - 1 - 2 - 2*a - 3. Let b be z(-6). Suppose -b*f - 2*t = -3*f - 2, f + 5*t + 8 = 0. Is f even?
True
Let t = -23 - -25. Let x(y) = -y**2 + y. Let b be x(0). Suppose 5*g - t - 23 = b. Does 4 divide g?
False
Let x = -19 - -12. Let g be 153/21 + 2/x. Let n = -4 + g. Is n a multiple of 2?
False
Suppose 0 = -2*n + 4*s - 6*s + 28, 5*n = 2*s + 42. Let j be (-6)/(-5)*n/4. Suppose -j*w = -3*q - 15, 4*q - 10 = -w - 0. Is 5 a factor of w?
False
Let n = -139 + 209. Suppose 3*r - r = -5*o + n, r = 5. Is o a multiple of 11?
False
Let p = -41 - -18. Let z = -2 - p. Is z a multiple of 21?
True
Let n be (8/(-1))/(2/(-6)). Let s = 17 - n. Is 15 a factor of s/(7/(-24)) - 2?
False
Let o = 4 + -4. Suppose 2*u = -3*r + 65, o*r + 3*u - 45 = -2*r. Does 7 divide r?
True
Let z(u) be the first derivative of -u**4/4 + 10*u**3/3 - 9*u**2/2 + 6*u - 1. Is 3 a factor of z(9)?
True
Suppose 0 = -4*b - 4*p - 16, -5*b - p 